 a**3 + 3*a**2 + 6*a + 12. Let j be d(-4). What is the tens digit of ((-147)/j)/((-6)/(-56))?
4
Suppose -2434 = 44*n - 45*n + 2*g, -n = 5*g - 2399. What is the thousands digit of n?
2
Let n(m) = 2*m**3 + 16*m**2 - m - 6. Let c be n(-8). Suppose -5*w + 1 = -2*k, c*k - 3*w = -2*k + 19. What is the units digit of k?
7
Let x(w) be the third derivative of -w**6/120 + w**5/12 + w**4/4 + 2*w**3/3 - 2*w**2. Let a = -20 + 26. What is the units digit of x(a)?
4
Suppose 4*n - 12 = 0, -3 = 3*w - 2*n + n. Suppose -5*g + 3*b - 10 = w, -2*g - 5*b + 27 = -0*g. What is the tens digit of (21 + g)*11/22?
1
Let y(v) = -6 - v + 3 - 3. Let p be y(-8). Suppose 0 = -s - 0*s - p, 2*i - 52 = -s. What is the units digit of i?
7
Let q be 216/(-84)*301*-1. Let x = -403 + q. Suppose -h + 8*h = x. What is the units digit of h?
3
Let k(b) = 3*b**2 - b - 3. Let y(f) = -f**3 + 7*f**2 - f + 10. Let g(h) = h**2 + 16*h + 7. Let l be g(-16). Let r be y(l). What is the tens digit of k(r)?
2
What is the hundreds digit of 4/(-6)*5*(-8424)/130?
2
Let i be (2/(-1))/((-65)/(-10) + -7). Suppose -127 + 1095 = i*g. What is the hundreds digit of g?
2
Let z = -137 - -97. Let m = -6 - z. What is the units digit of m?
4
Let y = 10 + -12. Let k be (3/y)/((-15)/40). Suppose -6*p + k*p = -122. What is the units digit of p?
1
Suppose -6*j - 20 = -10*j. Suppose -j*w = 532 - 1362. What is the units digit of w?
6
Let z(o) = 4*o**2 + 11*o - 25. What is the tens digit of z(3)?
4
Suppose -3*w + 2501 = 5*t, 7*t - 10*t = -5*w - 1521. What is the tens digit of t?
0
What is the hundreds digit of ((-5)/2)/((-10)/66)*280?
6
Let t = 3 - 3. Suppose t = -v + 2*v - 46. What is the tens digit of v?
4
Suppose 0 = -39*a + 41*a - 1264. What is the units digit of a?
2
What is the tens digit of (-18502)/(-66) - 21/9?
7
What is the units digit of (-12)/(-9)*(-2)/(8/(-6))?
2
Let z(h) = 2*h + 23. Let x be z(-9). Suppose 10 - x = j. What is the units digit of j?
5
Let h be 26/91 - 94/(-14). Let q = h + -7. Suppose 9*d = -4*b + 4*d + 149, q = -4*b + 4*d + 140. What is the units digit of b?
6
Let h(z) = -z**2 + 21. Let i be h(4). Suppose 130 + 335 = i*d. What is the tens digit of d?
9
Let j(b) = 2*b**2 + 6*b + 4. Let x be j(-3). Let n = 206 + -122. Suppose 0 = -w + 3, -x*w = -2*i - 0*w + n. What is the units digit of i?
8
Suppose 0*q = -2*q + 6. Let l be 9/q*(-9)/(-3). Suppose -g - 2*g + l = 0. What is the units digit of g?
3
Let f = -50 - -81. Let y = f + -11. Suppose 4*r + 4*n = 2*n + 46, y = 2*r + 2*n. What is the units digit of r?
3
Suppose 100850 = -106*c + 131*c. What is the thousands digit of c?
4
Suppose 2*n + u = 4*u + 4328, 5*u = 3*n - 6494. What is the hundreds digit of n?
1
Let i(f) = 4*f**2 + 24*f - 96. What is the tens digit of i(16)?
1
Let w(q) = 6*q**3 - 3*q**2 + q. Let j be 206/8 - 6/(-24). Let c = j + -24. What is the units digit of w(c)?
8
Let v(j) = 132*j**2 + 16*j + 14. What is the thousands digit of v(6)?
4
Suppose 0 = h - 45*w + 50*w - 2620, 0 = -5*h - 4*w + 13037. What is the units digit of h?
5
Let l(y) = -y**3 + 7*y**2 - 4*y - 2. Let x = -26 + 31. What is the tens digit of l(x)?
2
Suppose -3*z + 4*g + 29 = 0, -6*z + g + 43 = -2*z. Suppose -z*a - 16 = -15*a. What is the units digit of a?
4
Let a = 28 + -20. Suppose -14 - a = -k. Let l = k + -9. What is the units digit of l?
3
Let q = 2301 - 1960. What is the hundreds digit of q?
3
What is the hundreds digit of 44/(((-72)/66)/(-6))?
2
Let v(a) = a**3 + 15*a**2 - 18. Let s be v(-15). Let m be s/(-27) - (-20)/6. Suppose 3*d = 5*d - 5*l - 36, -m*d = -3*l - 58. What is the tens digit of d?
1
Suppose 160 = 7*q - 3*q. Let x be 8/q - 52/10. Let h(f) = f**3 + 6*f**2 + 3*f + 4. What is the units digit of h(x)?
4
Let f(s) = 6*s**3 - s**2 + 8*s - 1. What is the units digit of f(5)?
4
Suppose 702 = -0*h + h. What is the units digit of h?
2
Suppose 2*f + 2*c = 12, f = 5*c - 4*c. What is the units digit of (219*1/f)/1?
3
Suppose 5*d + 92 = -3*r, -3*r - 4*d - 10 - 84 = 0. Let n = 9 - r. What is the units digit of n?
3
Suppose -29*z + 8259 + 7024 = 0. What is the hundreds digit of z?
5
Let z(s) = -s**3 + 12*s**2 + 4. Let v be z(12). Suppose 165 = 4*u - v*h + 53, -u + 20 = h. Let i = 81 - u. What is the tens digit of i?
5
Suppose 0 = -3*n + 5*c + 266, 4*n - 3*c - 88 = 263. What is the units digit of n?
7
Let w = 158 - -167. Suppose 0 = 2*z + 3*z + 5*a - w, z = -4*a + 50. What is the units digit of z?
0
Let n(h) = h**2 + 4*h - 1. Let t be n(-5). Suppose -14 = t*g - 482. What is the tens digit of g?
1
Let u(v) = -3*v - 10 + 4*v**2 - 3 - 10*v - v**2. What is the tens digit of u(8)?
7
What is the tens digit of 5 - (-132 - (8 - -3))?
4
Suppose -5*i + 813 = -2332. What is the hundreds digit of i?
6
Let q(p) be the third derivative of -p**6/120 + p**5/5 + 7*p**4/24 - 5*p**3/6 - 7*p**2. What is the units digit of q(12)?
9
Let l be 7*2/(-7)*-5. Suppose 1 - l = -3*a. What is the tens digit of 106/a - 2/6?
3
Let n be -3 + (-25)/(-10) + 807/2. Suppose n - 1003 = -6*q. What is the hundreds digit of q?
1
Suppose 0 = -11*l + 8 + 25. Suppose -l*y - 172 = -760. What is the units digit of y?
6
Let h(u) = 134*u + 10. What is the tens digit of h(1)?
4
Suppose -l - 23 = 7. Let n = l + 35. What is the units digit of n?
5
What is the units digit of 87 + -7 + -4 + 9?
5
Let i(a) = -a**2 - 26*a + 94. Suppose 2*b + 177 = 121. What is the tens digit of i(b)?
3
Let x(g) = -g - 1. Let v(k) = -5*k - 1. Let y(p) = -v(p) + 4*x(p). Let i be y(6). Suppose -i*j + 7 = 4*j. What is the units digit of j?
1
Let r be (2 - 3 - -2) + -1. Suppose r = -2*x - 0*x + 4. Suppose 0 = -4*i - x*h + 126, 2*i + 5*h - 69 = 2*h. What is the units digit of i?
0
Let i(n) = -2*n + 14. Let m be i(6). Suppose 2*z = -4*k + 14, -m*z + 5 = 4*k + 3*z. Suppose k*d + 75 = 2*u, u - 4*d = 6*u - 105. What is the units digit of u?
5
Suppose 4042 = 4*h - 794. What is the thousands digit of h?
1
Let g(t) = t**2 - 5*t - 29. What is the tens digit of g(-7)?
5
Suppose 10*l - 10 = 8*l. Let g be (-12)/(-30) - 1526/(-10). Suppose c = l*t - g, 3*t - 8*t + 157 = c. What is the units digit of t?
1
What is the tens digit of 831/(-7 + (-7 - -15))?
3
Let x(s) = -s**3 + 12*s**2 - 12*s + 15. Let z be x(11). Let a(m) = 35*m + 38. What is the tens digit of a(z)?
7
Let a be -3 + (-2 + -1 - -6). Suppose a = 2*d + d - 45. What is the tens digit of d?
1
Suppose -4*k - 5*s - 80 = 0, -5*k + k = s + 80. Let f be 20*(25/k - -2). Suppose -53 = -u + f. What is the tens digit of u?
6
Let o(b) = b**3 - 17*b**2 + 19*b + 24. Let j be o(16). What is the units digit of 4/18 - (-5 - 4592/j)?
9
Let m = 25 - -46. Suppose -3*k = -5*l + 59, 4*l - 4*k - m = -19. Let f = l - -28. What is the units digit of f?
8
Suppose 0 = -4*k + 3*q - 438, 0*k = -k + 3*q - 105. Let s = k - -175. What is the tens digit of s?
6
Let k = 5 + -11. Suppose -24 + 0 = -i. Let g = i + k. What is the tens digit of g?
1
Let v(x) = 5*x**2 - 3. Let b be v(-2). Let k = b + -10. Let a(q) = 4*q. What is the units digit of a(k)?
8
Suppose 33 = -j - 2*d, 0*j - 122 = 4*j - 2*d. Let b = j + 213. What is the hundreds digit of b?
1
Let b = 4364 + -2888. What is the thousands digit of b?
1
Suppose -3*p - 3*u + 2556 = 0, -572 - 1983 = -3*p - 4*u. What is the units digit of p?
3
Let a(u) = -12 - 13*u + 17*u - 6. What is the units digit of a(5)?
2
Let c be 15 + -2 + 0 - 6. Suppose -2*t = 3*t - 20. Suppose c = -t*j + 67. What is the units digit of j?
5
What is the tens digit of 7554*(144/27 - 5)?
1
Suppose -2*i = -0*q - 3*q + 949, -2*q = 5*i - 658. What is the units digit of q?
9
Suppose 5*t - 172 = t. Suppose 0 = 4*i + 33 + t. Let q = i + 33. What is the tens digit of q?
1
Suppose 5*j - 2355 = -4*v, -2*j = -11*v + 6*v - 942. What is the tens digit of j?
7
Suppose 4*c - 2160 = 2164. What is the thousands digit of c?
1
Let y(u) = -u**2 + 7*u - 5. Let w be y(6). Suppose -3*j + 403 = n - 118, -j - n + 175 = 0. Suppose -w = f, 3*f - j + 41 = -5*s. What is the units digit of s?
7
Let h = -2985 + 4618. What is the tens digit of h?
3
Let p(n) = 4*n + 13. Let u(r) = -5*r - 14. Let g(t) = 4*p(t) + 3*u(t). Let y be g(-4). Let a(x) = 2*x + 1. What is the units digit of a(y)?
3
Let p(z) = 2*z**3 - 6*z**2 + 4*z - 10. What is the hundreds digit of p(7)?
4
Let u = 4 + 14. Let d = u + 28. What is the tens digit of d?
4
Let b(h) = 